e factors of a + 5 + (-3 - -3).
5
Let s(j) = -6*j - 2. Let o be s(2). Let m = 22 + o. What are the prime factors of m?
2
Let j(v) = 5*v. Let z be j(6). Suppose 5*c = 4*d + 3*c - 50, 3*d = 4*c + z. What are the prime factors of d?
2, 7
Suppose 0*l - 15 = -l - 2*s, 0 = -4*l - s + 25. Let o(j) = j**2 + 7*j - 3. Let k be o(-7). Let t = k + l. List the prime factors of t.
2
Let x(a) = a**2 + 2. Let y be x(0). Let j be 3 + y + 2/(-2). Suppose -j*l = -0*l - 36. What are the prime factors of l?
3
Let k = -108 - -153. Suppose 0*z = -3*z + k. List the prime factors of z.
3, 5
Suppose -5*p + 45 = 5*t, 3*p - t = 2*t + 45. Suppose v + 3*s = 6 + 23, -p = -4*s. What are the prime factors of v?
2, 5
Let s(j) = -3*j + 22. List the prime factors of s(-15).
67
Let k(y) = -y**3 + 3*y**2 + 5*y. Let a be k(4). What are the prime factors of a/10 - (-84)/15?
2, 3
Let g(f) = f**3 + f + 15. Let y(m) = m**3 - 2*m**2. Let o be y(2). What are the prime factors of g(o)?
3, 5
Let t(v) = 2*v + 10. Let m be t(-5). Let u = 43 + -23. Suppose m = -0*h + 5*h - u. What are the prime factors of h?
2
Suppose 4*z + 5*a - 11 = 0, -5*a + 2*a + 21 = 4*z. Let r = z + -7. What are the prime factors of r?
2
Let z(a) = 5*a - 1. What are the prime factors of z(3)?
2, 7
Let r(z) be the second derivative of z**5/20 - 7*z**4/12 + 7*z**3/6 + 3*z**2/2 - z. Let t be r(6). Let u = t + -4. What are the prime factors of u?
5
Let z(a) = -4*a**3 + a**2 - a - 6. Let x(c) = 3*c**3 - 2*c**2 + 5. Let f(n) = -5*x(n) - 4*z(n). List the prime factors of f(-4).
3, 5
Let q = 1 - 28. What are the prime factors of q*(1 + -3)/2?
3
Let k be 9/21 + 60/7. Let x = -9 + k. Suppose -2*n - 3*i = -38, x = 5*n + 2*i - 6*i - 49. What are the prime factors of n?
13
Let f(v) = v**3 - 2*v**2 + 6*v - 3. List the prime factors of f(4).
53
Let r = -3 + 1. Let s be (-424)/(-14) - r/(-7). Suppose 0*z + s = 5*z. List the prime factors of z.
2, 3
Suppose -2*i - 4 = -5*i - a, 4*i - 16 = -4*a. Suppose i*v = -5*g + v + 59, 3*v - 21 = -3*g. Let x = -5 + g. What are the prime factors of x?
2, 3
Suppose 3*y + 10 = -5. Let p be ((-50)/y)/(0 - -2). Suppose -p*h = -2*h - 39. List the prime factors of h.
13
Let r(z) = z**3 + 8*z**2 + 5*z. Let l be r(-7). Suppose j = 3*j - l. List the prime factors of j.
7
Let j = -99 - -169. Suppose 0 = -5*g - 3*z + 76, 3*z = -5*g - 2*z + j. What are the prime factors of g?
17
Suppose 358 = -4*d + 1002. What are the prime factors of d?
7, 23
Suppose 3*k + 53 = d, -3*d + 147 = -3*k - 2*k. List the prime factors of d.
2, 11
Suppose -3*a + 168 = -213. What are the prime factors of a?
127
Suppose 28*t - 34*t = -300. What are the prime factors of t?
2, 5
Let v(y) = 16*y**3 - y**2 - 4*y - 1. Let s(u) = u**3 + u. Let h(d) = 3*s(d) + v(d). Let t be h(-1). What are the prime factors of t/(-9) + (-4)/18?
2
Suppose -w - 5 = 2*y - 2, -2*w = -4*y - 10. Let u(t) = 19*t - 1. What are the prime factors of u(w)?
2, 3
Let x(n) = -n**2 - 5*n + 2. Suppose -8 = 2*h + 2. What are the prime factors of x(h)?
2
Suppose 0 = -3*h + 4*f + f - 6, -4*h + 27 = 5*f. What are the prime factors of (-1)/h + (-62)/(-6)?
2, 5
What are the prime factors of ((-100)/80)/(1/(-220))?
5, 11
Let t = -25 + 104. List the prime factors of t.
79
Suppose 29 = 7*y - 20. Let z(t) = 6*t + 1. List the prime factors of z(y).
43
Let v = -14 + 5. Suppose -m + 6 = -0*m - c, 2*m - 5*c - 15 = 0. Let o = m - v. List the prime factors of o.
2, 7
Let t = 11 - 6. Suppose -c + 4 = -t*c. What are the prime factors of (1 + 4*c)*-5?
3, 5
Let f(v) = 4*v**3 - 6 - v - v**3 + 23 - 2*v**3. Let y be f(0). Let q = y + -3. List the prime factors of q.
2, 7
Suppose 0 = 2*x - 4*x - 216. What are the prime factors of 10/25 + x/(-5)?
2, 11
Let j = -14 - -31. What are the prime factors of j?
17
Let s be (1/3)/((-2)/(-30)). Suppose 50 = 5*k - s*o, -3*k + 5*o = o - 31. What are the prime factors of k?
3
Suppose -8 = -5*h + 7. Suppose -4*z + 2*x = -12, -2*z - 3*x + 4 = h*z. Suppose 4*q - z*q - 36 = 0. What are the prime factors of q?
2, 3
Let c be 10*1/(2 + 0). Suppose -c*z = 4 - 24. Suppose -4*x = z*g - 80, -5*x - 32 = -5*g + 38. List the prime factors of g.
17
Suppose -g + 0*g = -2. Let l(p) = 3*p**2 - p - 1. What are the prime factors of l(g)?
3
Suppose -4*j = 4*s + j + 8, -3*j = 4*s + 8. What are the prime factors of (-120)/(-9) - s/3?
2, 7
Let g be 104 + 6 - (2 - 4). Let s = g - 79. List the prime factors of s.
3, 11
Suppose 32 = 4*m - 32. Let j = m - 10. Let s = j - 1. What are the prime factors of s?
5
Let s(a) = -a**2 - 11*a + 8. Let b be s(-11). Let t(n) = 4*n - 18. List the prime factors of t(b).
2, 7
Let m = 59 + 121. Suppose -2*r - 2*r = -m. Suppose 3*u - 13 = d, -4*u - 4*d = -r + 1. What are the prime factors of u?
2, 3
Let o(j) be the second derivative of 0 - 11/2*j**2 + 2*j - 1/12*j**4 - 2*j**3. What are the prime factors of o(-10)?
3
Let u = -329 - -523. What are the prime factors of u?
2, 97
Let r(y) = -y**3 + 8*y**2 - 6*y - 3. Let b be r(5). Suppose 2*x + 0*x = b. List the prime factors of x.
3, 7
Suppose k - 3*d = d - 14, -3*k + 14 = 2*d. Suppose -3*n + 36 = 2*t, t - 19 = -n - k*t. What are the prime factors of n?
2, 5
Suppose -a + 23 = -16. List the prime factors of a.
3, 13
Suppose 4*o - 14 = 22. What are the prime factors of o?
3
Suppose -24 = -3*p - 4*m, -2*p + m + 8 = -8. What are the prime factors of p?
2
Let k be -9*-3*6/27. Let r = 0 + k. Suppose -30 = -4*u + r. What are the prime factors of u?
3
Let l(z) be the second derivative of z**3/2 + 3*z**2 + 5*z. List the prime factors of l(7).
3
List the prime factors of 42/((-1)/(-4)*4).
2, 3, 7
Suppose 2*h - x - 73 = -4*x, -4*x = -4*h + 116. What are the prime factors of h?
2
Suppose v + 17 = -5*k, 0*k - 3*k = 9. Let h(f) = -3*f**3 - 2*f**2. List the prime factors of h(v).
2
Let t = 8 + -6. Let r be (3/t)/((-2)/(-4)). Suppose 28 = r*h + h. What are the prime factors of h?
7
Suppose 3*p + 9 = 0, -5*n + 4*p + 161 = -96. What are the prime factors of n?
7
Let i(v) = 8*v + 3*v**2 + v**2 + 2*v**2 - v**3 - 5. List the prime factors of i(7).
2
What are the prime factors of 2/(-3)*3 + 86?
2, 3, 7
Suppose -2*r - r + 192 = 0. List the prime factors of r.
2
List the prime factors of (32 - -1)/(3/10).
2, 5, 11
Let t = -14 - -62. Suppose -4*m = -0*m - 16. Suppose c + t = m*c. What are the prime factors of c?
2
Let h(i) = 5*i + 6. Let a be 11/33 - (-14)/3. What are the prime factors of h(a)?
31
Let w(x) = -x**3 + 4. Let g be w(0). Suppose 5*o - 2*o - 5 = n, n + o = 3. What are the prime factors of -8*n*(-6)/g?
2, 3
Let g = -80 + 150. What are the prime factors of g?
2, 5, 7
Let u(r) = -6*r + 3*r**3 + 14*r**3 + 2*r**2 + 5*r. Let p be u(1). Let b = p - 10. What are the prime factors of b?
2
Let i(m) = 0*m - 2*m - m**2 + 8*m - 1 + 2*m. List the prime factors of i(4).
3, 5
Suppose 669 = 5*u + 2*b, -3*u - 2*b + 10 + 389 = 0. Suppose 5*l - 195 = j, 4*l = 4*j + j + u. List the prime factors of l.
2, 5
Suppose -44 = n - 0*n - 4*l, 0 = -3*n - 3*l - 72. Let q = n + 39. List the prime factors of q.
11
Suppose 5*l - 40 - 36 = -d, 0 = 4*d - 5*l - 254. List the prime factors of d.
2, 3, 11
What are the prime factors of (0 - 1) + 2 - (-1116)/31?
37
Let w(n) = 2*n**2 + 4*n + 3. Let h be w(-3). Let l = 1 + h. Suppose 3*v = 2*v + l. List the prime factors of v.
2, 5
List the prime factors of 1 - -17 - (0 - 1).
19
Let k(a) = a + 16. Let o be 4/(-6) - 2/(-3). Suppose o = 5*v - 3*c + 9 + 35, 2*v + 20 = 2*c. What are the prime factors of k(v)?
3
Let s = -73 - -117. Suppose -2*k + s = 2*k. List the prime factors of k.
11
Let h = -10 - -7. Let i = -6 - h. Let c(u) = u**2 - u - 3. What are the prime factors of c(i)?
3
Let y = 6 - 5. Let k(p) = 3 - 3 - y - 3*p + 0. What are the prime factors of k(-1)?
2
Let z(d) = 9*d**3 + d**2 - d. Let o = 1 - -2. Suppose o*y = y + 2. What are the prime factors of z(y)?
3
Let l be 1 - (-3 - 4*-1). Let c(p) = -2*p + p + p + 4 - p. What are the prime factors of c(l)?
2
Let a(v) = v**3 + 7*v**2 - 7*v - 5 - 9*v**2 + 2*v. Let r be a(5). Suppose -4*k + 7*k - r = 0. What are the prime factors of k?
3, 5
Suppose -55 = -5*l - 0*l. Suppose 0 = q + 4*d - 41, q - 2*d = -0*q + l. What are the prime factors of q?
3, 7
Suppose -2*t = 3*s - 5, -t + 4*s = -s - 22. Suppose 3*a = 2*a + t. List the prime factors of a.
7
Let p = 15 - -28. W